40 + 4728. Let j(g) = -g**2 - 8*g - 4. Determine j(k).
-52
Let l(z) = 9*z + 87. Suppose 18 = -y - 89*w + 88*w, -5*y - 48 = -2*w. What is l(y)?
-21
Let u(z) = 5*z**3 + 17*z**2 + 18*z - 23. Let a(r) = r**3 + 4*r**2 + 5*r - 7. Let p(v) = -9*a(v) + 2*u(v). Determine p(3).
-1
Let u(z) be the second derivative of -1/6*z**3 + 7*z**2 + 4*z + 15. What is u(8)?
6
Suppose 9*i = 3*i - 6. Suppose -w + 10 = -n - n, 0 = 4*n + 20. Let u(y) = -2*y + w*y - 12*y**3 - 1 + 3*y**3 - y**2 + 2*y**3. What is u(i)?
7
Let p(a) be the second derivative of 7*a**3/6 + a**2/2 + 2*a. Let y = 70 - 66. Suppose -y*n = 14 - 10. Determine p(n).
-6
Let u(g) = -6*g**3 - 11*g**2 - 39*g - 2. Let n(z) = -23*z**3 - 44*z**2 - 154*z - 8. Let k(s) = -5*n(s) + 19*u(s). What is k(-5)?
7
Let p(i) be the second derivative of 7*i**4/12 - i**3/3 - 11*i**2/2 - i - 12. Let l(u) = -22*u**2 + 6*u + 34. Let d(m) = 5*l(m) + 16*p(m). Calculate d(3).
6
Let a(d) = -2*d**3 - 15*d**2 - 4*d + 26. Let q be a(-7). Let n(g) = -10 + 10*g**2 + 2*g**2 + g + g**3 - q*g**2 - 2*g + 8. Calculate n(-6).
40
Let i(q) = 2*q**2 + 18*q - 9. Let a(u) = 4*u**2 + 34*u - 18. Let n(c) = 4*a(c) - 7*i(c). Give n(-6).
3
Let q(f) be the third derivative of f**5/60 + f**4/24 + 5*f**3/6 + 1918*f**2. Suppose g = m + 5, 0 = 5*g + 2*m + 10 - 0. Give q(g).
5
Let v(d) = -d + 3*d + 108 + 5*d - 15*d. Let c be v(14). Let i(x) = -x**3 - 5*x**2 - 2*x + 8. Determine i(c).
0
Let d(p) be the second derivative of -p**5/20 - p**4 + 29*p**3/6 + 11*p**2/2 - 21*p - 22. Give d(-14).
-3
Let i(x) = 20*x**2 + 25*x**2 - 6*x + 15*x**2 + 3 + x - 71*x**2. What is i(1)?
-13
Suppose -r - 2 = -d - 17, -4*r - d + 70 = 0. Suppose 5*a + r = 12. Let z(o) = 1 + 17*o**2 - 63*o**2 + 16*o**2 + 23*o**2 + 2*o. Calculate z(a).
-8
Let w(m) = 4*m**3 - m**2 - m + 1. Let l be w(1). Suppose -2*p = -l*p, 4*x + p - 24 = 0. Let n(z) = 2 + 2*z - 3*z + 8 - 2. Give n(x).
2
Let x(f) be the third derivative of -3*f**5/20 + f**4/24 + f**3/3 - 1093*f**2. Determine x(-1).
-8
Let v(w) = -3*w. Let o be v(-1). Let l be 4/o*3/(-2). Let c(a) be the second derivative of -a**4/12 - a**3/2 - a**2/2 + 4*a + 7908. Calculate c(l).
1
Suppose -96 = 4456*p - 4472*p. Let v(z) = -3*z**2 + 10*z - 3. Determine v(p).
-51
Let o(p) = -5 - 16*p**2 - 5 - 1 - 2*p + 15 - 7. What is o(-1)?
-17
Let d be ((-4)/22)/((-65)/1430). Let n(i) = -8*i + 9*i - 2*i + 6 + 0. Calculate n(d).
2
Let f be 4/(-7) - (-612)/42. Let u(z) = -5 + f - 10. Let w(s) = s + 2. Let o(v) = 4*u(v) + 2*w(v). Determine o(-2).
-4
Suppose -4*p = -4*y - 12, 5*p - 9 = 3*y + 6. Let z(k) = 5*k**2 + 555*k**p - 556*k**3 + k - 5 + k - k. Determine z(5).
0
Let n(h) = -h**3 + 4*h**2 + 12*h - 7. Let m be n(6). Let w(o) = -8*o**2 - 6*o + 0*o**3 + 302 - 294 - o**3. Give w(m).
1
Let w(u) = -28*u**3 + 20*u**2 + 14*u - 143. Let x(g) = -13*g**3 + 9*g**2 + 6*g - 71. Let r(q) = -6*w(q) + 13*x(q). What is r(-5)?
15
Let r be -2 + -1 + 2 + -2. Let i(k) be the third derivative of -7*k + 1/120*k**6 + 0 + 1/30*k**5 - 2*k**2 + 0*k**4 + 0*k**3. Calculate i(r).
-9
Let v(q) = -95*q + 90. Let n(k) = -829*k - 3315. Let i be n(-4). Determine v(i).
-5
Let l(c) be the third derivative of 7*c**4/24 + c**3/2 + 16199*c**2 + 16. Let s(u) = -u**2 - 2*u + 1. Let h be s(-3). Let v be 1/h + (-3)/2. Give l(v).
-11
Let a(j) = -2*j + 40. Suppose 30 = 7*z - 13*r + 11*r, -4*r = -24. Determine a(z).
28
Let z = -5 - -93. Let d(w) = -8*w**2 - 4*w**3 + z*w + 4*w**3 + 3 - 80*w + w**3. Suppose 26 = 3*j + 3*f - f, 4*j + 4*f - 40 = 0. Determine d(j).
-21
Let x(h) be the second derivative of h**5/20 + 3*h**4/4 - 4*h**3 - 13*h**2/2 + 6*h - 83. Determine x(-11).
9
Let k(f) = -f**3 - 2*f**2 + 4*f + 17. Let u = -5593 - -5593. Determine k(u).
17
Suppose 6*z + 12 = 10*z. Let v(j) = -4*j**2 + 25 - 17 - 12 + j**z + 4*j. Let a be v(3). Let l(i) = -15*i**3 - i**2. What is l(a)?
14
Let r(b) = 3*b + 24. Let x(q) = 9*q + 74. Suppose -11*d = -10*d - 2. Let v(y) = d*x(y) - 7*r(y). What is v(-8)?
4
Let l(y) be the first derivative of 7/2*y**2 - 33 + 3*y. Determine l(-2).
-11
Let n(z) be the third derivative of z**4/8 + 67*z**3/6 - 3891*z**2. What is n(-22)?
1
Let k(p) = -5*p**2 + 112*p + 110. Let f be k(-1). Let s(c) be the first derivative of 0*c + 7/3*c**3 + 1/4*c**4 + 0*c**2 + 1. Calculate s(f).
0
Let h(b) = 53*b - 361. Let n(v) = 46*v - 363. Let o(m) = 5*h(m) - 6*n(m). Give o(33).
10
Suppose 0 = 5*t - 12 - 18. Let z(v) = -4 - 1 - v + t. Suppose -2*m + 2 = 3*p + 6, -4*m + p = 8. What is z(m)?
3
Let w(q) = -q**2 - 6*q. Suppose 711 = -4*g - 5*g. Let s = g - -73. Calculate w(s).
0
Let m(q) = -q**2 + 133*q - 5. Let y be m(0). Let b(p) = p**3 - 3*p**2 - 42*p - 6. Determine b(y).
4
Let w(f) = -4*f - 121. Let s(n) = -275*n - 3603. Let o be s(-13). Give w(o).
-9
Let x(m) = 3*m - 8. Let b(l) = 2*l**2 + 15*l - 11. Let i be b(-8). Let q be (5 - 6) + (-18)/i. What is x(q)?
7
Let x be (-5 - ((-30)/12 - 2))*-1536. Let u = x + -762. Let l(i) = -i**2 + 7*i - 1. What is l(u)?
5
Let p(g) = g**3 - 3*g**2 - 15*g - 2. Suppose y = 4*l - 12, 2 = -l + 5*y - 33. Calculate p(l).
-27
Let l = -56 + 59. Suppose l*h = -2*y - 5, -5*h = y + 4*y. Let q(p) = 6 - 4 - 2*p + 3*p. Calculate q(h).
-3
Let n = 20567 + -20580. Let l(x) = -17*x - 228. What is l(n)?
-7
Let l(t) = 112*t**3 - 53*t**2 + 30*t - 5. Let d(q) = -155*q**3 + 74*q**2 - 42*q + 7. Let z(r) = -13*d(r) - 18*l(r). Suppose a + 2*a + 27 = 0. Give z(a).
26
Let w(p) be the second derivative of -5*p**3 - p. Let i(s) = s**3 + 61*s**2 + 113*s - 294. Let t be i(-59). Determine w(t).
-30
Suppose 37 = -14*j - 65 + 60. Let l(a) = -3*a + 8. Determine l(j).
17
Let p(r) = -r**2 + 16*r + 25. Let t(l) = l**2 - 24*l - 25. Let j(k) = 3*p(k) + 2*t(k). Determine j(-5).
0
Let u(b) = -11*b**2 - 1. Let o = -217 + 287. Let n = -71 + o. Determine u(n).
-12
Let f(b) = -b**2 + 6*b. Suppose 287*d + 78 = 288*d. Suppose y + 12*y = d. What is f(y)?
0
Let s(v) = 360 + 360 + 367 - 7*v - 1089. Suppose 2*n - 3 = 3*d, 4*d + 5 - 1 = 4*n. What is s(n)?
-2
Let c(i) = -i**2 - i + 2. Let t be (-2)/4*2 + 1. Suppose -1 = -3*u + 5*v - 0, t = 2*v - 2. Let h be (0*(-3)/12)/u + 2. Calculate c(h).
-4
Let f be ((-153)/(-2))/(26/(-52)). Let q = 161 + f. Let l(v) = -1 - 8*v - 7*v**2 + 3*v**3 + 4 - 2*v**3. Calculate l(q).
3
Let b(f) = -f + 38. Let u = -57 - -69. Let c be b(u). Suppose i - c = 5*j, 0*j - 14 = -j + 5*i. Let o(w) = 2*w + 7. Determine o(j).
-5
Let i(b) = -7*b**2 - 2*b + 3. Let u be i(-1). Let l(v) be the second derivative of v**5/10 - v**4/6 - v**3/2 - v**2 + 2*v. Give l(u).
-20
Let f(y) = 2*y + 2 - 3 - 1. Let c be (-30)/(-4)*(52/20 - 1). Suppose t - 6*t - l + 18 = 0, t + 3*l = c. What is f(t)?
4
Let p be (1 + 1/(-1))/1. Suppose -4*d = z - 3*z - 22, p = -d - 5*z. Let s(j) = -125*j + 1. Let l(k) = -253*k + 9. Let y(r) = -l(r) + 2*s(r). Give y(d).
8
Let k(z) = 39*z - 55. Let v(o) = -28*o + 37. Let c(w) = 5*k(w) + 7*v(w). Calculate c(-13).
-3
Let l(p) = -12*p**2 - 2*p + 1. Let d be (-18)/27 + (-332)/(-3). Let b = d - 182. Let f = 73 + b. Calculate l(f).
-13
Let s(u) be the third derivative of -7*u**4/24 + 55*u**3/6 + 986*u**2. Give s(7).
6
Let d(p) = 6*p + 46. Let i be 120/((-130)/(-13)) - (-114)/(-6). What is d(i)?
4
Let a(z) = 4*z - 8. Let y = -372 - -387. Suppose -3*n - y + 36 = 0. What is a(n)?
20
Let w(h) = -h**2 + 7*h - 5. Let u be -2 + (3/(-1) - -5). Suppose u = -p + 7. Suppose p*r - 32 = -r. Determine w(r).
7
Let v(f) = -7*f**2 - 170*f + 270. Let l(t) = 3*t**2 + 62*t - 134. Let c(b) = -5*l(b) - 2*v(b). What is c(-5)?
-45
Let w(f) = -28*f**3 + 71*f**3 + 9 + 2*f - 2 - 42*f**3 + 7*f**2. Let n be (-7)/(-3)*(-9)/3. What is w(n)?
-7
Let f(i) = 3*i**3 - 16*i**2 - 17*i + 7. Let o(l) = l**3 - 5*l**2 - 5*l + 2. Let c(g) = -2*f(g) + 7*o(g). Suppose 156 = 52*r - 0. Calculate c(r).
-3
Let x be (-12)/20 + 1 + (-198)/(-5). Let v = 44 - x. Suppose -2*t - v*j - 14 = 0, -5*t - j = -0*j - 10. Let h(g) = -g + 2. Determine h(t).
-1
Let w be (-1 - 13) + (-4 - -26 - 17). Let z(s) = 4*s + 39. Determine z(w).
3
Let u(j) = -14*j + 127. Let i(v) = -2*v**3 - 99*v**2 + 164*v + 572. Let g be i(-51). Calculate u(g).
-27
Let j(g) = -5*g**2 - 2*g**2 + 5*g**2 + 2*g**2 - 27*g + g**2 - 50. Determine j(29).
8
Let m = -199 - -199. Let i(r) = r**3 - 5*r**2 + 2*r. Let d be i(5). Let q(g) = -2 - 5 - g + d + m. Determine q(6).
-3
Let i be 7*(-1)/2*2. Let z(j